{"id":135,"date":"2025-11-05T02:32:30","date_gmt":"2025-11-05T02:32:30","guid":{"rendered":"https:\/\/gonka.com.co\/product\/secador-hotelero-sand\/"},"modified":"2025-11-05T02:32:30","modified_gmt":"2025-11-05T02:32:30","slug":"secador-hotelero-sand","status":"publish","type":"product","link":"https:\/\/gonka.com.co\/?product=secador-hotelero-sand","title":{"rendered":"Secador Hotelero Sand"},"content":{"rendered":"<p>Potencia y versatilidad se unen en este innovador secador de 1.100 watts dise\u00f1ado para elevar la experiencia de tus hu\u00e9spedes a un nuevo nivel de comodidad. Con un rendimiento excepcional, el secador &#8220;Sand&#8221; garantiza un secado r\u00e1pido y eficiente que dejar\u00e1 el cabello suave, sedoso y listo para cualquier ocasi\u00f3n.<\/p>\n","protected":false},"excerpt":{"rendered":"<p>Potencia y versatilidad se unen en este innovador secador de 1.100 watts dise\u00f1ado para elevar la experiencia de tus hu\u00e9spedes a un nuevo nivel de comodidad. Con un rendimiento excepcional, el secador &#8220;Sand&#8221; garantiza un secado r\u00e1pido y eficiente que dejar\u00e1 el cabello suave, sedoso y listo para cualquier ocasi\u00f3n.<\/p>\n","protected":false},"featured_media":0,"comment_status":"open","ping_status":"closed","template":"","meta":[],"product_brand":[],"product_cat":[18],"product_tag":[],"class_list":{"0":"post-135","1":"product","2":"type-product","3":"status-publish","5":"product_cat-secadores","7":"first","8":"instock","9":"shipping-taxable","10":"purchasable","11":"product-type-simple"},"_links":{"self":[{"href":"https:\/\/gonka.com.co\/index.php?rest_route=\/wp\/v2\/product\/135","targetHints":{"allow":["GET"]}}],"collection":[{"href":"https:\/\/gonka.com.co\/index.php?rest_route=\/wp\/v2\/product"}],"about":[{"href":"https:\/\/gonka.com.co\/index.php?rest_route=\/wp\/v2\/types\/product"}],"replies":[{"embeddable":true,"href":"https:\/\/gonka.com.co\/index.php?rest_route=%2Fwp%2Fv2%2Fcomments&post=135"}],"wp:attachment":[{"href":"https:\/\/gonka.com.co\/index.php?rest_route=%2Fwp%2Fv2%2Fmedia&parent=135"}],"wp:term":[{"taxonomy":"product_brand","embeddable":true,"href":"https:\/\/gonka.com.co\/index.php?rest_route=%2Fwp%2Fv2%2Fproduct_brand&post=135"},{"taxonomy":"product_cat","embeddable":true,"href":"https:\/\/gonka.com.co\/index.php?rest_route=%2Fwp%2Fv2%2Fproduct_cat&post=135"},{"taxonomy":"product_tag","embeddable":true,"href":"https:\/\/gonka.com.co\/index.php?rest_route=%2Fwp%2Fv2%2Fproduct_tag&post=135"}],"curies":[{"name":"wp","href":"https:\/\/api.w.org\/{rel}","templated":true}]}}