{"id":116,"date":"2025-11-05T02:32:28","date_gmt":"2025-11-05T02:32:28","guid":{"rendered":"https:\/\/gonka.com.co\/product\/trimmer-clean-trimmer\/"},"modified":"2025-11-05T02:32:28","modified_gmt":"2025-11-05T02:32:28","slug":"trimmer-clean-trimmer","status":"publish","type":"product","link":"https:\/\/gonka.com.co\/?product=trimmer-clean-trimmer","title":{"rendered":"Trimmer Clean Trimmer"},"content":{"rendered":"<p>Experiencia de afeitado perfecta<\/p>\n<p>NOSE TRIMMER:<\/p>\n<p>Con apertura peque\u00f1a y cubierta de protecci\u00f3n, previniendo da\u00f1os en la parte interna de la nariz al momento de cortar el pelo.<\/p>\n<p>HAIR TRIMMER:<\/p>\n<p>Encuentra tu personalidad con el cabezal para peque\u00f1as \u00e1reas como cejas, bigote, barba y patillas.<\/p>\n","protected":false},"excerpt":{"rendered":"<p>Experiencia de afeitado perfecta NOSE TRIMMER: Con apertura peque\u00f1a y cubierta de protecci\u00f3n, previniendo da\u00f1os en la parte interna de la nariz al momento de cortar el pelo. HAIR TRIMMER: Encuentra tu personalidad con el cabezal para peque\u00f1as \u00e1reas como cejas, bigote, barba y patillas.<\/p>\n","protected":false},"featured_media":0,"comment_status":"open","ping_status":"closed","template":"","meta":[],"product_brand":[],"product_cat":[24],"product_tag":[],"class_list":{"0":"post-116","1":"product","2":"type-product","3":"status-publish","5":"product_cat-trimmer","7":"first","8":"instock","9":"shipping-taxable","10":"purchasable","11":"product-type-simple"},"_links":{"self":[{"href":"https:\/\/gonka.com.co\/index.php?rest_route=\/wp\/v2\/product\/116","targetHints":{"allow":["GET"]}}],"collection":[{"href":"https:\/\/gonka.com.co\/index.php?rest_route=\/wp\/v2\/product"}],"about":[{"href":"https:\/\/gonka.com.co\/index.php?rest_route=\/wp\/v2\/types\/product"}],"replies":[{"embeddable":true,"href":"https:\/\/gonka.com.co\/index.php?rest_route=%2Fwp%2Fv2%2Fcomments&post=116"}],"wp:attachment":[{"href":"https:\/\/gonka.com.co\/index.php?rest_route=%2Fwp%2Fv2%2Fmedia&parent=116"}],"wp:term":[{"taxonomy":"product_brand","embeddable":true,"href":"https:\/\/gonka.com.co\/index.php?rest_route=%2Fwp%2Fv2%2Fproduct_brand&post=116"},{"taxonomy":"product_cat","embeddable":true,"href":"https:\/\/gonka.com.co\/index.php?rest_route=%2Fwp%2Fv2%2Fproduct_cat&post=116"},{"taxonomy":"product_tag","embeddable":true,"href":"https:\/\/gonka.com.co\/index.php?rest_route=%2Fwp%2Fv2%2Fproduct_tag&post=116"}],"curies":[{"name":"wp","href":"https:\/\/api.w.org\/{rel}","templated":true}]}}